e the first derivative of 13*u**4/24 - 2*u**3/3 - u**2/2 + 46*u + 290. Let j(y) be the second derivative of w(y). What is j(-4)?
-56
Let z(x) = 2*x + 8*x - 9 - x - 6*x + 1. Calculate z(0).
-8
Let d = 9370 + -9374. Let u(o) = 3*o**2 - 3*o - 10. Calculate u(d).
50
Let z(d) = 5*d**2 + 5*d - 39 + 60 + d**3 - 3*d - 58 - 26*d**2. Calculate z(21).
5
Let d(j) be the third derivative of j**7/5040 - j**6/360 + 9*j**5/20 + 2*j**3/3 + 56*j**2. Let l(t) be the third derivative of d(t). Give l(-4).
-6
Let q(f) = -2*f**2 + 2*f + 4. Let w be (2/(-3))/((-4)/12*1). Let z be (-215)/75 - 3/45*w. Let h(l) = -l**2 - 2*l + 6. Let a be h(z). What is q(a)?
-8
Let s(x) be the first derivative of x**6/360 + 3*x**5/40 - 7*x**4/24 + 53*x**3/3 - 21. Let o(z) be the third derivative of s(z). Determine o(-8).
-15
Let d be (58/(-6) - -3)*15*14/175. Let w(l) = l + 10. Give w(d).
2
Let f(d) be the first derivative of -d**4/4 - 25*d**3/3 + d**2 + 23*d - 488. Calculate f(-25).
-27
Suppose 5*w - 2*i - 1142 = 0, 4*i + i - 451 = -2*w. Suppose 3*h - w = 114. Let p = 108 - h. Let o(a) = -a**3 - 7*a**2 - 5*a + 2. Calculate o(p).
-4
Let b(l) = -l**3 + 2*l**2 + 3. Let c(y) = 12*y - 36. Let u be c(3). Determine b(u).
3
Let y(l) = l**3 + l**2 - l - 53. Suppose -30*h = -6941 - 859. Let g = h + -260. Give y(g).
-53
Suppose -3*p = -p - 5*x - 42, 4*p - 84 = -5*x. Suppose 0 = 14*r - 175 - p. Let h(f) = 3 - r*f - 4*f + 17*f. What is h(-4)?
7
Let g(f) = 2*f**3 - 15*f**2 - 4*f - 39. Let d be g(8). Let n(l) = -2*l**3 - 12*l**2 + 11*l - 2. Determine n(d).
19
Let v(r) = r**3 - 4. Let c(b) = 9*b**3 + 20*b**2 + 21*b + 1. Let i(t) = c(t) - 8*v(t). Give i(-19).
-5
Let z(a) = 49*a**2 - 115*a**2 + 64*a**2 - 2*a. What is z(-4)?
-24
Let q(p) = p**2 - 3*p - 8. Let j = -74 + 82. Let m be j + -1 + (-2 - -2). Calculate q(m).
20
Let q(k) = 3*k**3 + 3*k**2 - 6*k + 4. Let y be q(1). Let m(v) = 7*v + 7*v - 2*v + 0*v - y*v - 4. Give m(3).
20
Let d(i) = -3 - 1108*i - 1116*i - 3*i**2 + 3334*i - 2*i**2 - 1111*i. Determine d(4).
-87
Let m be (-12)/(8 + -4 + -2). Let k(o) be the first derivative of o**3/3 - 3*o**2/2 - 5*o + 443. Calculate k(m).
49
Let k(y) = 16*y**2 + 16*y - 7. Let a(g) = 11*g**2 + 15*g - 13. Let x(t) = 3*a(t) - 2*k(t). Calculate x(2).
5
Let x(m) = m - 1. Let i = -9 - 3. Suppose 0 = 24*z - 11*z - 11*z. Let l be (-36)/i*4/3 - z. Calculate x(l).
3
Let y(a) be the third derivative of -a**5/30 - 23*a**4/24 - 25*a**3/2 - 2*a**2 - 69. What is y(-6)?
-9
Let m = 843 + -1206. Let l = m - -360. Let k(f) = -3*f - 7. Calculate k(l).
2
Let t(i) = -2*i - 118. Let z(p) be the third derivative of p**4/24 + 29*p**3/3 + 73*p**2. Let q(k) = 3*t(k) + 5*z(k). Give q(0).
-64
Let f(h) = 2*h - 1. Let j(o) = 2*o - 1. Let d(p) = 4*f(p) - 3*j(p). Let u be -6 - ((3 - 0) + 9/(-3)). Give d(u).
-13
Let z(h) be the first derivative of h**5/60 - h**4/8 - 40*h**2 - 17. Let v(i) be the second derivative of z(i). What is v(4)?
4
Let b(p) = -13*p**3 - 19*p**2 - 20*p - 28. Let z(m) = -7*m**3 - 10*m**2 - 11*m - 16. Let t(x) = 6*b(x) - 11*z(x). Determine t(-4).
4
Suppose -417*o - 1096 = -280*o. Let n(b) = 3*b**2 + 5 + 7 - 12*b**2 - 4 - 9*b - b**3. Give n(o).
16
Let u(s) be the second derivative of 4*s**3/3 + 51*s**2/2 - 2*s - 903. Determine u(-8).
-13
Let d be (-3)/9*(1906 + -1)*-1. Let v(n) = -3*n + 4*n + 634 - d. Give v(3).
2
Let w(v) = 80*v - 84*v - 4*v**2 + 39 + v + v**3. What is w(6)?
93
Let o(k) = -9*k**3 - 16 + 4*k**3 + 6 + 8*k + 6*k**3 + 0*k**3 - 8*k**2. Let n(z) = z - 2. Let m be n(4). Suppose q = -m*u + 13, -3*q - 8 + 5 = 0. What is o(u)?
-3
Let y(u) = 2*u**3 + 14*u**2 + 2*u + 3. Let z(p) = -p**3 - 38*p**2 - 49*p - 450. Let s be z(-37). Give y(s).
63
Let l(r) = 15*r + 827. Let f be l(-55). Let j(v) = 11*v - 26. What is j(f)?
-4
Let o = 7 + 1. Suppose 45*i = 308 + 187. Let h(z) = -4*z**3 + 3*z**3 + o*z - 6*z**2 - i*z + 3 + 3. Give h(-5).
-4
Let y(v) be the second derivative of v**4/12 + 7*v**3/3 + 2*v**2 - 448*v. Calculate y(-11).
-29
Let z(u) = -3*u + 2. Suppose -2*m = -5*n + 51, 2*m = -8*n + 6*n - 72. Let q = m - -40. Calculate z(q).
-19
Let k be 7*(-4 - (-231)/49). Let o(i) be the third derivative of -1/6*i**3 + 0 - i**2 + 5/24*i**4 + 0*i - 1/60*i**5. What is o(k)?
-1
Let l(n) = -n**3 - 5*n**2 - 7*n - 26. Suppose 23*a + 0 + 115 = 0. Calculate l(a).
9
Suppose 0 = 6*a + 1126 - 2248 + 1158. Let m(q) = 2 + q**3 - 2*q - 3 + 6*q**2 - 4. Give m(a).
7
Let h be (-2)/((-42)/1263) - 23/161. Let i(j) = -h*j**3 - j**2 + 117*j**3 - 3*j + 3*j**2 - 56*j**3. Calculate i(-4).
-20
Let n be (-2 + 27/6)/(16/(-160)). Let x be n/(6 + -1) + 0. Let a(r) = -r - 12. What is a(x)?
-7
Suppose 17*o = 28*o - 22. Let a(d) = d - 4*d**o + d + 64 - 4*d**3 + 5*d**3 - 3*d - 61. Calculate a(4).
-1
Let t(m) = 10*m - 2. Let v(c) = 11*c - 4. Let i(k) = 3*t(k) - 2*v(k). Let n = -52 + 56. Suppose -g - n + 2 = 0. Calculate i(g).
-14
Let g(w) be the third derivative of -w**4/12 + 13*w**3/3 - 7*w**2 - 223. What is g(5)?
16
Suppose 76*a - 70*a = 60. Let k(b) = -b - 8*b**3 - 6*b**3 + a*b**3 + 0*b. Determine k(-1).
5
Let p(y) = -6*y**2 - 11*y - 12. Let o be (-900)/(-60)*4/(-30). Determine p(o).
-14
Let c(q) = -26 + 9*q**2 - 26*q + 8*q + 15*q - 2*q**3 + 3*q**3 + 17*q. What is c(-6)?
-2
Let v(p) = p**2 + 16*p + 35. Let z be 1*-1*(-33)/((-660)/200). Calculate v(z).
-25
Let p(l) = -734*l**2 - 61 + l + 60 + 765*l**2. Calculate p(1).
31
Let b(h) = 8538626*h**3 - 8538625*h**3 + 32*h**2 + 19*h + 11*h - 23. Give b(-31).
8
Let m(f) = f**3 - 17*f**2 + 18*f + 21. Suppose 11*r - q + 36 = 13*r, 2*r = -3*q + 44. Calculate m(r).
53
Suppose -2*v - 5*m = -4007, -2*m - 4681 = -4*v + 3393. Let h(g) = 7*g + g - g**2 - v + 2011. What is h(8)?
-5
Let t(f) = 37 + 120*f + 0 + 3*f**2 + 25 + 1 - 209*f. Give t(29).
5
Let l(w) be the first derivative of -6*w**3 - 7*w**2/2 - 6*w - 4201. Determine l(-1).
-17
Suppose 0 = 4*f + 3*l - 9, -4*f + 0*l + 14 = 2*l. Let o(j) = 5*j + 12. Calculate o(f).
42
Let w(f) = -10*f + 504. Let n be w(51). Let u(s) = 6 - 43*s**3 + 0 + 2*s - 6*s**2 + 42*s**3. What is u(n)?
-6
Let h(w) be the second derivative of -w**5/20 + w**4/2 - 5*w**3/6 + w**2 + 3*w + 25. Let a = 19 + -14. What is h(a)?
2
Let c(a) be the third derivative of -a**6/120 + a**5/20 + a**4/12 + a**3/6 - a**2. Suppose z + 124 = 16*p, -p + 15 + 5 = 3*z. Give c(z).
-7
Let u(z) = -11*z. Let b(l) = -85*l - 4. Let n(c) = b(c) - 8*u(c). Calculate n(28).
80
Let l(c) be the third derivative of -c**8/4032 - c**7/5040 - c**5/10 - 5*c**2. Let w(x) be the third derivative of l(x). Let p be (-14)/28*-2*1. What is w(p)?
-6
Let q(m) = -5*m**3 + 9*m**2 - 26*m - 27. Let v(w) = 7*w**3 - 11*w**2 + 26*w + 18. Let h(b) = -4*q(b) - 3*v(b). Determine h(-6).
6
Let s(l) = 7*l**2 - 7*l - 6. Let r(p) = 6*p**2 - 7*p - 5. Let a(m) = 4*r(m) - 3*s(m). Suppose 78*d - 2084 = -1694. What is a(d)?
38
Suppose 0 = 5*u + 5*c + 20, 79*c = -3*u + 84*c - 44. Let z(l) = -l**3 - 14*l**2 - 50*l - 20. Determine z(u).
-4
Let b = 5086 - 5094. Let d(p) = p**2 - 13. What is d(b)?
51
Let o be (4 - -14) + (0 - 3). Let f be 25/2 - o/(-30). Let h(i) = i**3 - 14*i**2 + 14*i - 18. Give h(f).
-5
Let z = -394 + 430. Suppose 7*m = z*m - 87. Let a(g) = -6*g + 13. Give a(m).
-5
Let p be (12/(-2))/(-6 - (-15)/2). Let h(m) = -4*m**2 - 3*m + 28. Let j(n) = n**2 + n - 7. Let w(b) = 2*h(b) + 9*j(b). What is w(p)?
-3
Let k(n) = -2471 + n**2 - n - 2*n + 2471. Let o be (-1 - (-1 - -2)) + 2. Suppose o*g + 3*g = 12. Give k(g).
4
Let y(m) = 51*m - 13*m - 22*m - 23*m - 56. Give y(-9).
7
Let i = -2684 - -2693. Let m(p) = p**2 - 8*p + 10. Determine m(i).
19
Suppose -22*c + 134 = -20*c. Let b(s) = -c*s - 4 + 137*s - 67*s. Determine b(-4).
-16
Let k(m) = 4*m**2 - 6*m + 6. Suppose -514 = 26*u + 422. Let q be -1 + 4/(u/(-27)). Calculate k(q).
10
Let u(h) = 11*h**3 + 52*h**2 + 5*h - 24. Let n(q) = -4*q**3 - 18*q**2 - 2*q + 8. Let z(o) = -8*n(o) - 3*u(o). What is z(-12)?
-4
Suppose 5*h - 24 = -3*h. Let o(u) = 0*u**3 + 0*u**h - 3 + 8*u**3 + 4*u. Let n(s) = -8*s**3 - 3*s + 2. Let j(a) = 3*n(a) + 2*o(a). Calculate j(1).
-9
Suppose -t - t = s + 15, 0 = -4*t - 12. Let d(z) = 14*z**2 + 3 - 9*z - 7 - 15*z**2. Let o(v) = 4*v**2 + 36*v + 16. Let m(x) = 9*d(x) + 2*o(x). Calculate m(s).
-4
Let g(v) be the first derivative of -v - 3 - 2/3*v**3 - v**2. Calculate g(-2).
-5
Let y(z) = -68 - 4 + 15*z - 73 + 